{"id":5482,"date":"2021-10-28T12:28:30","date_gmt":"2021-10-28T11:28:30","guid":{"rendered":"https:\/\/gyrotoniccentralbudapest.hu\/?page_id=5482"},"modified":"2023-05-13T07:07:24","modified_gmt":"2023-05-13T06:07:24","slug":"hatfajas-okai-kezelese","status":"publish","type":"page","link":"https:\/\/gyrotoniccentralbudapest.hu\/?page_id=5482","title":{"rendered":"H\u00e1tf\u00e1j\u00e1s kezel\u00e9se"},"content":{"rendered":"\t\t<div data-elementor-type=\"wp-page\" data-elementor-id=\"5482\" class=\"elementor elementor-5482\">\n\t\t\t\t\t\t<section class=\"elementor-section elementor-top-section elementor-element elementor-element-a5e23a5 elementor-section-full_width elementor-section-height-min-height elementor-section-items-stretch elementor-section-content-middle elementor-section-height-default\" data-id=\"a5e23a5\" data-element_type=\"section\" data-e-type=\"section\">\n\t\t\t\t\t\t<div class=\"elementor-container elementor-column-gap-no\">\n\t\t\t\t\t<div class=\"elementor-column elementor-col-100 elementor-top-column elementor-element elementor-element-4ef986ae\" data-id=\"4ef986ae\" data-element_type=\"column\" data-e-type=\"column\">\n\t\t\t<div class=\"elementor-widget-wrap elementor-element-populated\">\n\t\t\t\t\t\t<section class=\"elementor-section elementor-inner-section elementor-element elementor-element-6de2c3ca elementor-section-boxed elementor-section-height-default elementor-section-height-default\" data-id=\"6de2c3ca\" data-element_type=\"section\" data-e-type=\"section\">\n\t\t\t\t\t\t<div class=\"elementor-container elementor-column-gap-default\">\n\t\t\t\t\t<div class=\"elementor-column elementor-col-50 elementor-inner-column elementor-element elementor-element-544a1e1a\" data-id=\"544a1e1a\" data-element_type=\"column\" data-e-type=\"column\">\n\t\t\t<div class=\"elementor-widget-wrap elementor-element-populated\">\n\t\t\t\t\t\t<div class=\"elementor-element elementor-element-2a2d236 elementor-widget elementor-widget-image\" data-id=\"2a2d236\" data-element_type=\"widget\" data-e-type=\"widget\" data-widget_type=\"image.default\">\n\t\t\t\t<div class=\"elementor-widget-container\">\n\t\t\t\t\t\t\t\t\t\t\t\t\t\t\t<img fetchpriority=\"high\" decoding=\"async\" width=\"1024\" height=\"1024\" src=\"https:\/\/gyrotoniccentralbudapest.hu\/wp-content\/uploads\/2021\/11\/hatfajas-okai-1024x1024.jpg\" class=\"attachment-large size-large wp-image-6885\" alt=\"h\u00e1tf\u00e1j\u00e1s okait keres\u0151 n\u0151 \u00fcl az \u00e1gyon h\u00e1tf\u00e1jdalommal\" srcset=\"https:\/\/gyrotoniccentralbudapest.hu\/wp-content\/uploads\/2021\/11\/hatfajas-okai-1024x1024.jpg 1024w, https:\/\/gyrotoniccentralbudapest.hu\/wp-content\/uploads\/2021\/11\/hatfajas-okai-300x300.jpg 300w, https:\/\/gyrotoniccentralbudapest.hu\/wp-content\/uploads\/2021\/11\/hatfajas-okai-150x150.jpg 150w, https:\/\/gyrotoniccentralbudapest.hu\/wp-content\/uploads\/2021\/11\/hatfajas-okai-768x768.jpg 768w, https:\/\/gyrotoniccentralbudapest.hu\/wp-content\/uploads\/2021\/11\/hatfajas-okai-1536x1536.jpg 1536w, https:\/\/gyrotoniccentralbudapest.hu\/wp-content\/uploads\/2021\/11\/hatfajas-okai-2048x2048.jpg 2048w, https:\/\/gyrotoniccentralbudapest.hu\/wp-content\/uploads\/2021\/11\/hatfajas-okai-scaled.jpg 1920w\" sizes=\"(max-width: 1024px) 100vw, 1024px\" \/>\t\t\t\t\t\t\t\t\t\t\t\t\t\t\t<\/div>\n\t\t\t\t<\/div>\n\t\t\t\t\t<\/div>\n\t\t<\/div>\n\t\t\t\t<div class=\"elementor-column elementor-col-50 elementor-inner-column elementor-element elementor-element-53fab35d\" data-id=\"53fab35d\" data-element_type=\"column\" data-e-type=\"column\">\n\t\t\t<div class=\"elementor-widget-wrap elementor-element-populated\">\n\t\t\t\t\t\t<div class=\"elementor-element elementor-element-5ccad56a elementor-invisible elementor-widget elementor-widget-heading\" data-id=\"5ccad56a\" data-element_type=\"widget\" data-e-type=\"widget\" data-settings=\"{&quot;_animation&quot;:&quot;fadeIn&quot;,&quot;_animation_mobile&quot;:&quot;none&quot;}\" data-widget_type=\"heading.default\">\n\t\t\t\t<div class=\"elementor-widget-container\">\n\t\t\t\t\t<h1 class=\"elementor-heading-title elementor-size-default\">Mi a h\u00e1tf\u00e1j\u00e1s \u00e9s melyek a h\u00e1tf\u00e1j\u00e1s okai?<\/h1>\t\t\t\t<\/div>\n\t\t\t\t<\/div>\n\t\t\t\t<div class=\"elementor-element elementor-element-2bddd3d0 elementor-invisible elementor-widget elementor-widget-text-editor\" data-id=\"2bddd3d0\" data-element_type=\"widget\" data-e-type=\"widget\" data-settings=\"{&quot;_animation&quot;:&quot;fadeIn&quot;,&quot;_animation_mobile&quot;:&quot;none&quot;,&quot;_animation_delay&quot;:&quot;200&quot;}\" data-widget_type=\"text-editor.default\">\n\t\t\t\t<div class=\"elementor-widget-container\">\n\t\t\t\t\t\t\t\t\t<p>Mindennapjainkban a h\u00e1tf\u00e1j\u00e1s gyakori probl\u00e9ma, gyakorlatilag a legs\u0171r\u0171bben el\u0151fordul\u00f3 mozg\u00e1sszervi f\u00e1jdalom \u00e9s szinte minden ember \u00e9lete egy bizonyos pontj\u00e1n megtapasztalja a h\u00e1tf\u00e1j\u00e1s jeleit, amely negat\u00edvan befoly\u00e1solja mindennapi tev\u00e9kenys\u00e9g\u00fcnket, munk\u00e1nk, sportol\u00e1sunk. Ami j\u00f3 h\u00edr viszont, hogy a legt\u00f6bb esetben ez nem komoly probl\u00e9ma \u00e9s gyakran csak egy egyszer\u0171 izom- vagy szalagfesz\u00fcl\u00e9s okozza.<\/p><p>A h\u00e1tf\u00e1j\u00e1s lehets\u00e9ges okai k\u00fcl\u00f6nb\u00f6z\u0151ek lehetnek, azonban a leggyakoribb h\u00e1tf\u00e1j\u00e1st kiv\u00e1lt\u00f3 okok az edzetlen gerinc, helytelen mozdulat, s\u00e9r\u00fcl\u00e9s, t\u00falterhelt h\u00e1tizmok, rossz testtart\u00e1s, a rendszeres testmozg\u00e1s hi\u00e1nya \u00e9s a sok \u00fcl\u0151 munka.<\/p>\t\t\t\t\t\t\t\t<\/div>\n\t\t\t\t<\/div>\n\t\t\t\t\t<\/div>\n\t\t<\/div>\n\t\t\t\t\t<\/div>\n\t\t<\/section>\n\t\t\t\t\t<\/div>\n\t\t<\/div>\n\t\t\t\t\t<\/div>\n\t\t<\/section>\n\t\t\t\t<section class=\"elementor-section elementor-top-section elementor-element elementor-element-40dcc6b8 elementor-section-full_width elementor-section-height-min-height elementor-section-items-stretch elementor-section-content-middle elementor-reverse-tablet elementor-reverse-mobile elementor-section-height-default\" data-id=\"40dcc6b8\" data-element_type=\"section\" data-e-type=\"section\" data-settings=\"{&quot;background_background&quot;:&quot;classic&quot;,&quot;shape_divider_top&quot;:&quot;waves&quot;,&quot;shape_divider_top_negative&quot;:&quot;yes&quot;}\">\n\t\t\t\t\t<div class=\"elementor-shape elementor-shape-top\" aria-hidden=\"true\" data-negative=\"true\">\n\t\t\t<svg xmlns=\"http:\/\/www.w3.org\/2000\/svg\" viewBox=\"0 0 1000 100\" preserveAspectRatio=\"none\">\n\t<path class=\"elementor-shape-fill\" d=\"M790.5,93.1c-59.3-5.3-116.8-18-192.6-50c-29.6-12.7-76.9-31-100.5-35.9c-23.6-4.9-52.6-7.8-75.5-5.3\n\tc-10.2,1.1-22.6,1.4-50.1,7.4c-27.2,6.3-58.2,16.6-79.4,24.7c-41.3,15.9-94.9,21.9-134,22.6C72,58.2,0,25.8,0,25.8V100h1000V65.3\n\tc0,0-51.5,19.4-106.2,25.7C839.5,97,814.1,95.2,790.5,93.1z\"\/>\n<\/svg>\t\t<\/div>\n\t\t\t\t\t<div class=\"elementor-container elementor-column-gap-no\">\n\t\t\t\t\t<div class=\"elementor-column elementor-col-100 elementor-top-column elementor-element elementor-element-2a96fe3f\" data-id=\"2a96fe3f\" data-element_type=\"column\" data-e-type=\"column\">\n\t\t\t<div class=\"elementor-widget-wrap elementor-element-populated\">\n\t\t\t\t\t\t<section class=\"elementor-section elementor-inner-section elementor-element elementor-element-9b6eb55 elementor-section-boxed elementor-section-height-default elementor-section-height-default\" data-id=\"9b6eb55\" data-element_type=\"section\" data-e-type=\"section\">\n\t\t\t\t\t\t<div class=\"elementor-container elementor-column-gap-default\">\n\t\t\t\t\t<div class=\"elementor-column elementor-col-100 elementor-inner-column elementor-element elementor-element-bf5e33b\" data-id=\"bf5e33b\" data-element_type=\"column\" data-e-type=\"column\" data-settings=\"{&quot;background_background&quot;:&quot;classic&quot;}\">\n\t\t\t<div class=\"elementor-widget-wrap elementor-element-populated\">\n\t\t\t\t\t\t<div class=\"elementor-element elementor-element-7a178d59 elementor-invisible elementor-widget elementor-widget-heading\" data-id=\"7a178d59\" data-element_type=\"widget\" data-e-type=\"widget\" data-settings=\"{&quot;_animation&quot;:&quot;fadeIn&quot;,&quot;_animation_mobile&quot;:&quot;none&quot;}\" data-widget_type=\"heading.default\">\n\t\t\t\t<div class=\"elementor-widget-container\">\n\t\t\t\t\t<h2 class=\"elementor-heading-title elementor-size-default\">H\u00e1tf\u00e1j\u00e1s t\u00fcnetei, jelei:<\/h2>\t\t\t\t<\/div>\n\t\t\t\t<\/div>\n\t\t\t\t<div class=\"elementor-element elementor-element-3cf5ec3c elementor-align-start elementor-tablet-align-start elementor-icon-list--layout-traditional elementor-list-item-link-full_width elementor-widget elementor-widget-icon-list\" data-id=\"3cf5ec3c\" data-element_type=\"widget\" data-e-type=\"widget\" data-widget_type=\"icon-list.default\">\n\t\t\t\t<div class=\"elementor-widget-container\">\n\t\t\t\t\t\t\t<ul class=\"elementor-icon-list-items\">\n\t\t\t\t\t\t\t<li class=\"elementor-icon-list-item\">\n\t\t\t\t\t\t\t\t\t\t\t<span class=\"elementor-icon-list-icon\">\n\t\t\t\t\t\t\t<i aria-hidden=\"true\" class=\"fas fa-circle-notch\"><\/i>\t\t\t\t\t\t<\/span>\n\t\t\t\t\t\t\t\t\t\t<span class=\"elementor-icon-list-text\">\u00c9g\u0151 vagy sz\u00far\u00f3 \u00e9rz\u00e9s a h\u00e1tban<\/span>\n\t\t\t\t\t\t\t\t\t<\/li>\n\t\t\t\t\t\t\t\t<li class=\"elementor-icon-list-item\">\n\t\t\t\t\t\t\t\t\t\t\t<span class=\"elementor-icon-list-icon\">\n\t\t\t\t\t\t\t<i aria-hidden=\"true\" class=\"fas fa-circle-notch\"><\/i>\t\t\t\t\t\t<\/span>\n\t\t\t\t\t\t\t\t\t\t<span class=\"elementor-icon-list-text\">F\u00e1jdalom kisug\u00e1rz\u00e1sa a karba \u00e9s l\u00e1bba<\/span>\n\t\t\t\t\t\t\t\t\t<\/li>\n\t\t\t\t\t\t\t\t<li class=\"elementor-icon-list-item\">\n\t\t\t\t\t\t\t\t\t\t\t<span class=\"elementor-icon-list-icon\">\n\t\t\t\t\t\t\t<i aria-hidden=\"true\" class=\"fas fa-circle-notch\"><\/i>\t\t\t\t\t\t<\/span>\n\t\t\t\t\t\t\t\t\t\t<span class=\"elementor-icon-list-text\">Er\u0151s h\u00e1tf\u00e1j\u00e1s<\/span>\n\t\t\t\t\t\t\t\t\t<\/li>\n\t\t\t\t\t\t\t\t<li class=\"elementor-icon-list-item\">\n\t\t\t\t\t\t\t\t\t\t\t<span class=\"elementor-icon-list-icon\">\n\t\t\t\t\t\t\t<i aria-hidden=\"true\" class=\"fas fa-circle-notch\"><\/i>\t\t\t\t\t\t<\/span>\n\t\t\t\t\t\t\t\t\t\t<span class=\"elementor-icon-list-text\">Idegek lehets\u00e9ges gyullad\u00e1sa<\/span>\n\t\t\t\t\t\t\t\t\t<\/li>\n\t\t\t\t\t\t\t\t<li class=\"elementor-icon-list-item\">\n\t\t\t\t\t\t\t\t\t\t\t<span class=\"elementor-icon-list-icon\">\n\t\t\t\t\t\t\t<i aria-hidden=\"true\" class=\"fas fa-circle-notch\"><\/i>\t\t\t\t\t\t<\/span>\n\t\t\t\t\t\t\t\t\t\t<span class=\"elementor-icon-list-text\">Fesz\u00fclt izmok \u00e9s szalagok<\/span>\n\t\t\t\t\t\t\t\t\t<\/li>\n\t\t\t\t\t\t\t\t<li class=\"elementor-icon-list-item\">\n\t\t\t\t\t\t\t\t\t\t\t<span class=\"elementor-icon-list-icon\">\n\t\t\t\t\t\t\t<i aria-hidden=\"true\" class=\"fas fa-circle-notch\"><\/i>\t\t\t\t\t\t<\/span>\n\t\t\t\t\t\t\t\t\t\t<span class=\"elementor-icon-list-text\">Gyullad\u00e1s vagy duzzanat a h\u00e1ton<\/span>\n\t\t\t\t\t\t\t\t\t<\/li>\n\t\t\t\t\t\t\t\t<li class=\"elementor-icon-list-item\">\n\t\t\t\t\t\t\t\t\t\t\t<span class=\"elementor-icon-list-icon\">\n\t\t\t\t\t\t\t<i aria-hidden=\"true\" class=\"fas fa-circle-notch\"><\/i>\t\t\t\t\t\t<\/span>\n\t\t\t\t\t\t\t\t\t\t<span class=\"elementor-icon-list-text\">Izomgyenges\u00e9g a h\u00e1tban<\/span>\n\t\t\t\t\t\t\t\t\t<\/li>\n\t\t\t\t\t\t\t\t<li class=\"elementor-icon-list-item\">\n\t\t\t\t\t\t\t\t\t\t\t<span class=\"elementor-icon-list-icon\">\n\t\t\t\t\t\t\t<i aria-hidden=\"true\" class=\"fas fa-circle-notch\"><\/i>\t\t\t\t\t\t<\/span>\n\t\t\t\t\t\t\t\t\t\t<span class=\"elementor-icon-list-text\">Testtart\u00e1s probl\u00e9m\u00e1k<\/span>\n\t\t\t\t\t\t\t\t\t<\/li>\n\t\t\t\t\t\t<\/ul>\n\t\t\t\t\t\t<\/div>\n\t\t\t\t<\/div>\n\t\t\t\t\t<\/div>\n\t\t<\/div>\n\t\t\t\t\t<\/div>\n\t\t<\/section>\n\t\t\t\t\t<\/div>\n\t\t<\/div>\n\t\t\t\t\t<\/div>\n\t\t<\/section>\n\t\t\t\t<section class=\"elementor-section elementor-top-section elementor-element elementor-element-9fa20ae elementor-section-full_width elementor-section-height-min-height elementor-section-items-stretch elementor-section-content-middle elementor-reverse-tablet elementor-reverse-mobile elementor-section-height-default\" data-id=\"9fa20ae\" data-element_type=\"section\" data-e-type=\"section\">\n\t\t\t\t\t\t<div class=\"elementor-container elementor-column-gap-no\">\n\t\t\t\t\t<div class=\"elementor-column elementor-col-50 elementor-top-column elementor-element elementor-element-759fb059\" data-id=\"759fb059\" data-element_type=\"column\" data-e-type=\"column\">\n\t\t\t<div class=\"elementor-widget-wrap elementor-element-populated\">\n\t\t\t\t\t\t<div class=\"elementor-element elementor-element-34f0114e elementor-invisible elementor-widget elementor-widget-heading\" data-id=\"34f0114e\" data-element_type=\"widget\" data-e-type=\"widget\" data-settings=\"{&quot;_animation&quot;:&quot;fadeIn&quot;,&quot;_animation_mobile&quot;:&quot;none&quot;}\" data-widget_type=\"heading.default\">\n\t\t\t\t<div class=\"elementor-widget-container\">\n\t\t\t\t\t<h3 class=\"elementor-heading-title elementor-size-default\">H\u00e1tf\u00e1j\u00e1s kezel\u00e9se Gyrotonic gy\u00f3gytorna seg\u00edts\u00e9g\u00e9vel<\/h3>\t\t\t\t<\/div>\n\t\t\t\t<\/div>\n\t\t\t\t<div class=\"elementor-element elementor-element-70276253 elementor-invisible elementor-widget elementor-widget-text-editor\" data-id=\"70276253\" data-element_type=\"widget\" data-e-type=\"widget\" data-settings=\"{&quot;_animation&quot;:&quot;fadeIn&quot;,&quot;_animation_mobile&quot;:&quot;none&quot;,&quot;_animation_delay&quot;:&quot;200&quot;}\" data-widget_type=\"text-editor.default\">\n\t\t\t\t<div class=\"elementor-widget-container\">\n\t\t\t\t\t\t\t\t\t<p>A h\u00e1tf\u00e1j\u00e1s sor\u00e1n a f\u00e1jdalom gyakran egy ter\u00fcletre lokaliz\u00e1l\u00f3dik, de a probl\u00e9ma forr\u00e1sa azonban teljesen m\u00e1shol keresend\u0151. Ha rossz a testtart\u00e1sod, sok az \u00fcl\u0151munka vagy helytelen mozdulatokat v\u00e9gzel az az eg\u00e9sz testedre rossz hat\u00e1ssal lehet. A <span style=\"font-family: 'Times New Roman';\"><strong>GYROTONIC\u00ae<\/strong>\u00a0<\/span> kifejezetten h\u00e1tf\u00e1j\u00e1sra \u00e9s annak kezel\u00e9s\u00e9re ir\u00e1nyul\u00f3 gyakorlatok legf\u0151bb funkci\u00f3ja, hogy \u00f6szt\u00f6n\u00f6zze a gerincmozg\u00e1sok teljes sk\u00e1l\u00e1j\u00e1t, meger\u0151s\u00edti \u00e9s teljes m\u00e9rt\u00e9kben ny\u00fajtja, kezelve a h\u00e1tf\u00e1j\u00e1s b\u00e1rmely lehets\u00e9ges forr\u00e1s\u00e1t, majd megsz\u00fcntetve azt.<\/p><p>Azok sz\u00e1m\u00e1ra, akik nem tudj\u00e1k, mi\u00e9rt k\u00fczdenek olyan sok\u00e1ig a h\u00e1tf\u00e1j\u00e1ssal, ez lehet a legjobb \u00e9s leg\u00e1tfog\u00f3bb alternat\u00edv gy\u00f3gytorna a h\u00e1tf\u00e1j\u00e1s megsz\u00fcntet\u00e9s\u00e9re, hiszen a <span style=\"font-family: 'Times New Roman';\"><strong>GYROTONIC\u00ae<\/strong>\u00a0<\/span> kifejezetten az \u00edz\u00fcletek \u00e9s gerincizmok er\u0151s\u00edt\u00e9s\u00e9t seg\u00edti, ezt k\u00f6vet\u0151en megsz\u0171nik a h\u00e1tf\u00e1j\u00e1s \u00e9s k\u00f6nnyebben tudnak majd lehajolni vagy h\u00e1trafordulni \u00e9s \u00fajra teljes\u00e9rt\u00e9k\u0171 \u00e9letet \u00e9lni.<\/p>\t\t\t\t\t\t\t\t<\/div>\n\t\t\t\t<\/div>\n\t\t\t\t\t<\/div>\n\t\t<\/div>\n\t\t\t\t<div class=\"elementor-column elementor-col-50 elementor-top-column elementor-element elementor-element-5ffd2ef2\" data-id=\"5ffd2ef2\" data-element_type=\"column\" data-e-type=\"column\">\n\t\t\t<div class=\"elementor-widget-wrap elementor-element-populated\">\n\t\t\t\t\t\t<div class=\"elementor-element elementor-element-3bd953aa elementor-widget elementor-widget-image\" data-id=\"3bd953aa\" data-element_type=\"widget\" data-e-type=\"widget\" data-widget_type=\"image.default\">\n\t\t\t\t<div class=\"elementor-widget-container\">\n\t\t\t\t\t\t\t\t\t\t\t\t\t\t\t<img decoding=\"async\" width=\"1024\" height=\"1024\" src=\"https:\/\/gyrotoniccentralbudapest.hu\/wp-content\/uploads\/2021\/11\/hatfajas-ellen-1024x1024.jpg\" class=\"attachment-large size-large wp-image-6889\" alt=\"gy\u00f3gytorn\u00e1t v\u00e9gz\u0151 n\u0151 budapesten a h\u00e1tf\u00e1j\u00e1s kezel\u00e9s\u00e9re\" srcset=\"https:\/\/gyrotoniccentralbudapest.hu\/wp-content\/uploads\/2021\/11\/hatfajas-ellen-1024x1024.jpg 1024w, https:\/\/gyrotoniccentralbudapest.hu\/wp-content\/uploads\/2021\/11\/hatfajas-ellen-300x300.jpg 300w, https:\/\/gyrotoniccentralbudapest.hu\/wp-content\/uploads\/2021\/11\/hatfajas-ellen-150x150.jpg 150w, https:\/\/gyrotoniccentralbudapest.hu\/wp-content\/uploads\/2021\/11\/hatfajas-ellen-768x768.jpg 768w, https:\/\/gyrotoniccentralbudapest.hu\/wp-content\/uploads\/2021\/11\/hatfajas-ellen.jpg 1333w\" sizes=\"(max-width: 1024px) 100vw, 1024px\" \/>\t\t\t\t\t\t\t\t\t\t\t\t\t\t\t<\/div>\n\t\t\t\t<\/div>\n\t\t\t\t\t<\/div>\n\t\t<\/div>\n\t\t\t\t\t<\/div>\n\t\t<\/section>\n\t\t\t\t<\/div>\n\t\t","protected":false},"excerpt":{"rendered":"<p>Mi a h\u00e1tf\u00e1j\u00e1s \u00e9s melyek a h\u00e1tf\u00e1j\u00e1s okai? Mindennapjainkban a h\u00e1tf\u00e1j\u00e1s gyakori probl\u00e9ma, gyakorlatilag a legs\u0171r\u0171bben el\u0151fordul\u00f3 mozg\u00e1sszervi f\u00e1jdalom \u00e9s szinte minden ember \u00e9lete egy bizonyos pontj\u00e1n megtapasztalja a h\u00e1tf\u00e1j\u00e1s jeleit, amely negat\u00edvan befoly\u00e1solja mindennapi tev\u00e9kenys\u00e9g\u00fcnket, munk\u00e1nk, sportol\u00e1sunk. Ami j\u00f3 h\u00edr viszont, hogy a legt\u00f6bb esetben ez nem komoly probl\u00e9ma \u00e9s gyakran csak egy egyszer\u0171 [&hellip;]<\/p>\n","protected":false},"author":5,"featured_media":0,"parent":0,"menu_order":0,"comment_status":"closed","ping_status":"closed","template":"","meta":{"site-sidebar-layout":"no-sidebar","site-content-layout":"page-builder","ast-site-content-layout":"default","site-content-style":"default","site-sidebar-style":"default","ast-global-header-display":"","ast-banner-title-visibility":"","ast-main-header-display":"","ast-hfb-above-header-display":"","ast-hfb-below-header-display":"","ast-hfb-mobile-header-display":"","site-post-title":"disabled","ast-breadcrumbs-content":"","ast-featured-img":"disabled","footer-sml-layout":"","ast-disable-related-posts":"","theme-transparent-header-meta":"default","adv-header-id-meta":"","stick-header-meta":"","header-above-stick-meta":"","header-main-stick-meta":"","header-below-stick-meta":"","astra-migrate-meta-layouts":"default","ast-page-background-enabled":"default","ast-page-background-meta":{"desktop":{"background-color":"var(--ast-global-color-4)","background-image":"","background-repeat":"repeat","background-position":"center center","background-size":"auto","background-attachment":"scroll","background-type":"","background-media":"","overlay-type":"","overlay-color":"","overlay-opacity":"","overlay-gradient":""},"tablet":{"background-color":"","background-image":"","background-repeat":"repeat","background-position":"center center","background-size":"auto","background-attachment":"scroll","background-type":"","background-media":"","overlay-type":"","overlay-color":"","overlay-opacity":"","overlay-gradient":""},"mobile":{"background-color":"","background-image":"","background-repeat":"repeat","background-position":"center center","background-size":"auto","background-attachment":"scroll","background-type":"","background-media":"","overlay-type":"","overlay-color":"","overlay-opacity":"","overlay-gradient":""}},"ast-content-background-meta":{"desktop":{"background-color":"var(--ast-global-color-5)","background-image":"","background-repeat":"repeat","background-position":"center center","background-size":"auto","background-attachment":"scroll","background-type":"","background-media":"","overlay-type":"","overlay-color":"","overlay-opacity":"","overlay-gradient":""},"tablet":{"background-color":"var(--ast-global-color-5)","background-image":"","background-repeat":"repeat","background-position":"center center","background-size":"auto","background-attachment":"scroll","background-type":"","background-media":"","overlay-type":"","overlay-color":"","overlay-opacity":"","overlay-gradient":""},"mobile":{"background-color":"var(--ast-global-color-5)","background-image":"","background-repeat":"repeat","background-position":"center center","background-size":"auto","background-attachment":"scroll","background-type":"","background-media":"","overlay-type":"","overlay-color":"","overlay-opacity":"","overlay-gradient":""}},"footnotes":""},"class_list":["post-5482","page","type-page","status-publish","hentry"],"_links":{"self":[{"href":"https:\/\/gyrotoniccentralbudapest.hu\/index.php?rest_route=\/wp\/v2\/pages\/5482","targetHints":{"allow":["GET"]}}],"collection":[{"href":"https:\/\/gyrotoniccentralbudapest.hu\/index.php?rest_route=\/wp\/v2\/pages"}],"about":[{"href":"https:\/\/gyrotoniccentralbudapest.hu\/index.php?rest_route=\/wp\/v2\/types\/page"}],"author":[{"embeddable":true,"href":"https:\/\/gyrotoniccentralbudapest.hu\/index.php?rest_route=\/wp\/v2\/users\/5"}],"replies":[{"embeddable":true,"href":"https:\/\/gyrotoniccentralbudapest.hu\/index.php?rest_route=%2Fwp%2Fv2%2Fcomments&post=5482"}],"version-history":[{"count":0,"href":"https:\/\/gyrotoniccentralbudapest.hu\/index.php?rest_route=\/wp\/v2\/pages\/5482\/revisions"}],"wp:attachment":[{"href":"https:\/\/gyrotoniccentralbudapest.hu\/index.php?rest_route=%2Fwp%2Fv2%2Fmedia&parent=5482"}],"curies":[{"name":"wp","href":"https:\/\/api.w.org\/{rel}","templated":true}]}}